{"id":175,"date":"2018-12-29T15:40:29","date_gmt":"2018-12-29T14:40:29","guid":{"rendered":"https:\/\/tkv-hochfranken.de\/?page_id=175"},"modified":"2019-12-17T16:41:01","modified_gmt":"2019-12-17T15:41:01","slug":"datenschutzerklaerung","status":"publish","type":"page","link":"https:\/\/tkv-hochfranken.de\/index.php\/datenschutzerklaerung\/","title":{"rendered":"Datenschutzerkl\u00e4rung"},"content":{"rendered":"\n<h3 class=\"wp-block-heading\">Allgemeines<\/h3>\n\n\n\n<p>Wir nehmen den Schutz Ihrer personenbezogenen Daten sehr ernst. Wir \nm\u00f6chten, dass Sie wissen, wann wir welche Daten erheben und wie wir sie \nverwenden. Wir verarbeiten Ihre Daten daher ausschlie\u00dflich auf Grundlage\n der gesetzlichen Bestimmungen (EU-Datenschutzgrundverordnung, \nTelemediengesetz).<\/p>\n\n\n\n<p>Sie k\u00f6nnen diese Erkl\u00e4rung jederzeit auf unserer Webseite abrufen. Im\n Zuge der Weiterentwicklung unserer Internet-Seiten und der \nImplementierung neuer Technologien k\u00f6nnen auch \u00c4nderungen dieser \nDatenschutzerkl\u00e4rung erforderlich werden. Daher empfehlen wir Ihnen, \nsich diese Datenschutzerkl\u00e4rung gelegentlich erneut durchzulesen.<\/p>\n\n\n\n<p>Diese Datenschutzerkl\u00e4rung kl\u00e4rt Sie \u00fcber die Art, den Umfang und \nZweck der Verarbeitung von personenbezogenen Daten innerhalb unserer \nWebsite und der mit ihr verbundenen Webseiten, Funktionen und Inhalte \nauf.<\/p>\n\n\n\n<p>Wir weisen ausdr\u00fccklich darauf hin, dass die Daten\u00fcbertragung im \nInternet (z.B. bei der Kommunikation per E-Mail) Sicherheitsl\u00fccken \naufweisen und nicht l\u00fcckenlos vor dem Zugriff durch Dritte gesch\u00fctzt \nwerden kann.<\/p>\n\n\n\n<h3 class=\"wp-block-heading\">Ansprechpartner<\/h3>\n\n\n\n<p>Bei allen Fragen zur Erhebung, Verarbeitung oder Nutzung Ihrer \npersonenbezogenen Daten, bei Ausk\u00fcnften, Berichtigung, Sperrung oder \nL\u00f6schung von Daten sowie Widerruf erteilter Einwilligungen wenden Sie \nsich bitte an die folgenden Kontaktdaten:<\/p>\n\n\n\n<p><strong>TKV Hochfranken e.V.<\/strong><br>Klosterstr. 9-11<br>95028 Hof<br> <br><strong>Email:<\/strong> <a href=\"mailto:vorstand@tkv-hochfranken.de\">vorstand@tkv-hochfranken.de<\/a> <\/p>\n\n\n\n<h3 class=\"wp-block-heading\">Personenbezogene Daten<\/h3>\n\n\n\n<p>Als personenbezogene Daten gelten s\u00e4mtliche Informationen, welche \ndazu dienen, Ihre Person zu bestimmen und welche zu Ihnen zur\u00fcckverfolgt\n werden k\u00f6nnen \u2013 also beispielsweise Ihr Name, Ihre E-Mail-Adresse und \nTelefonnummer, aber auch Ihre IP-Adresse. Hinsichtlich der verwendeten \nBegrifflichkeiten, wie z.B. \u201epersonenbezogene Daten\u201c oder deren \n\u201eVerarbeitung\u201c verweisen wir zudem auf die Definitionen im Art. 4 der \nDatenschutzgrundverordnung (DSGVO).<\/p>\n\n\n\n<p>Sie k\u00f6nnen unsere Webseite ohne Angabe personenbezogener Daten \nbesuchen. Soweit auf unseren Seiten personenbezogene Daten (wie Name, \nAnschrift oder E-Mail Adresse) erhoben werden, erfolgt dies, soweit \nm\u00f6glich, auf freiwilliger Basis. Diese Daten werden ohne Ihre \nausdr\u00fcckliche Zustimmung nicht an Dritte weitergegeben. Sofern zwischen \nIhnen und uns ein Vertragsverh\u00e4ltnis begr\u00fcndet, inhaltlich ausgestaltet \noder ge\u00e4ndert werden soll oder Sie an uns eine Anfrage stellen, erheben \nund verwenden wir personenbezogene Daten von Ihnen, soweit dies zu \ndiesen Zwecken erforderlich ist (Bestandsdaten). Wir erheben, \nverarbeiten und nutzen personenbezogene Daten soweit dies erforderlich \nist, um Ihnen die Inanspruchnahme des Webangebots zu erm\u00f6glichen \n(Nutzungsdaten). S\u00e4mtliche personenbezogenen Daten werden nur solange \ngespeichert wie dies f\u00fcr den genannten Zweck (Bearbeitung Ihrer Anfrage \noder Abwicklung eines Vertrags) erforderlich ist. Hierbei werden steuer-\n und handelsrechtliche Aufbewahrungsfristen ber\u00fccksichtigt.<\/p>\n\n\n\n<h3 class=\"wp-block-heading\">Schutz Ihrer Daten<\/h3>\n\n\n\n<p>Wir f\u00fchren eine Reihe von Ma\u00dfnahmen durch, um Ihre personenbezogenen \nDaten zu sch\u00fctzen. Dies umfasst technische Ma\u00dfnahmen wie Verschl\u00fcsselung\n und menschliche Faktoren wie die Weiterbildung zur Thematik des \nDatenschutzes. Ein Verzeichnis der Verarbeitungst\u00e4tigkeiten nach Art. 30\n DSGVO wird im Tonk\u00fcnstlerverband Hochfranken e.V. gef\u00fchrt.<\/p>\n\n\n\n<h3 class=\"wp-block-heading\">Rechtsgrundlage<\/h3>\n\n\n\n<p>Die Datenverarbeitung erfolgt auf Basis der gesetzlichen Bestimmungen und folgender Rechtsgrundlagen:<\/p>\n\n\n\n<ul class=\"wp-block-list\"><li>Einwilligung<\/li><li>Vertragserf\u00fcllung oder vorvertragliche Ma\u00dfnahmen<\/li><li>rechtliche Verpflichtungen<\/li><li>Zur Wahrung eines berechtigten \nInteresses. Die Interessen, Grundrechte und Grundfreiheiten der Nutzer \n\u00fcberwiegen das erstgenannte Interesse nicht.<\/li><\/ul>\n\n\n\n<p>Unser Anliegen im Sinne der DSGVO (berechtigtes Interesse) ist die \nVerbesserung unseres Webauftritts. Ihre IP-Adresse wird bei diesem \nVorgang umgehend anonymisiert, so dass Sie als Nutzer f\u00fcr uns anonym \nbleiben.<\/p>\n\n\n\n<h3 class=\"wp-block-heading\">Cookies<\/h3>\n\n\n\n<p>Unsere Website verwendet so genannte Cookies. Dabei handelt es sich \num kleine Textdateien, die mit Hilfe des Browsers auf Ihrem Endger\u00e4t \nabgelegt werden. Sie richten keinen Schaden an.<\/p>\n\n\n\n<p>Wir nutzen Cookies dazu, unser Angebot nutzerfreundlich zu gestalten.\n Einige Cookies bleiben auf Ihrem Endger\u00e4t gespeichert, bis Sie diese \nl\u00f6schen. Sie erm\u00f6glichen es uns, Ihren Browser beim n\u00e4chsten Besuch \nwiederzuerkennen.<\/p>\n\n\n\n<p>Wenn Sie dies nicht w\u00fcnschen, k\u00f6nnen Sie Ihren Browser so einrichten,\n dass er Sie \u00fcber das Setzen von Cookies informiert und Sie dies nur im \nEinzelfall erlauben. Bei der Deaktivierung von Cookies kann die \nFunktionalit\u00e4t unserer Website eingeschr\u00e4nkt sein.<\/p>\n\n\n\n<h3 class=\"wp-block-heading\">Facebook-Seite<\/h3>\n\n\n\n<p>Wir betreiben eine sogenannte Facebook-Seite mittels der Dienste der \nFacebook Ireland Ltd., 4 Grand Canal Square Grand Canal Harbour, Dublin \n2, Ireland.<\/p>\n\n\n\n<p>Wir weisen Sie darauf hin, dass Sie unsere Facebook-Seite und ihre \nFunktionen in eigener Verantwortung nutzen. Dies gilt insbesondere f\u00fcr \ndie Nutzung der interaktiven Funktionen (z.B. Kommentieren, Teilen, \nBewerten).<\/p>\n\n\n\n<p>Beim Besuch unserer Facebook-Seite erfasst Facebook u.a. Ihre \nIP-Adresse sowie weitere Informationen, die in Form von Cookies auf \nIhrem PC vorhanden sind. Diese Informationen werden verwendet, um uns \nals Betreiber der Facebook-Seiten statistische Informationen \u00fcber die \nInanspruchnahme der Facebook-Seite zur Verf\u00fcgung zu stellen. N\u00e4here \nInformationen hierzu stellt Facebook unter folgendem Link zur Verf\u00fcgung:\n <a href=\"http:\/\/de-de.facebook.com\/help\/pages\/insights\" target=\"_blank\" rel=\"noreferrer noopener\">de-de.facebook.com\/help\/pages\/insights<\/a>.<\/p>\n\n\n\n<p>Die in diesem Zusammenhang \u00fcber Sie erhobenen Daten werden von der \nFacebook Ltd. verarbeitet und dabei gegebenenfalls in L\u00e4nder au\u00dferhalb \nder Europ\u00e4ischen Union \u00fcbertragen. Welche Informationen Facebook erh\u00e4lt \nund wie diese verwendet werden, beschreibt Facebook in allgemeiner Form \nin seinen Datenverwendungsrichtlinien. Dort finden Sie auch \nInformationen \u00fcber Kontaktm\u00f6glichkeiten zu Facebook sowie zu den \nEinstellm\u00f6glichkeiten f\u00fcr Werbeanzeigen. Die Datenverwendungsrichtlinien\n sind unter folgendem Link verf\u00fcgbar: <a href=\"https:\/\/de-de.facebook.com\/about\/privacy\" target=\"_blank\" rel=\"noreferrer noopener\">de-de.facebook.com\/about\/privacy<\/a>. Die vollst\u00e4ndigen Datenrichtlinien von Facebook finden Sie hier: <a href=\"https:\/\/de-de.facebook.com\/full_data_use_policy\" target=\"_blank\" rel=\"noreferrer noopener\">de-de.facebook.com\/full_data_use_policy<\/a>.<\/p>\n\n\n\n<p>In welcher Weise Facebook die Daten aus dem Besuch von \nFacebook-Seiten f\u00fcr eigene Zwecke verwendet, in welchem Umfang \nAktivit\u00e4ten auf der Facebook-Seite einzelnen Nutzern zugeordnet werden, \nwie lange Facebook diese Daten speichert und ob Daten aus einem Besuch \nder Facebook-Seite an Dritte weitergegeben werden, wird von Facebook \nnicht abschlie\u00dfend und klar benannt und ist uns nicht bekannt.<\/p>\n\n\n\n<p>Beim Zugriff auf eine Facebook-Seite wird die Ihrem Endger\u00e4t \nzugeteilte IP-Adresse an Facebook \u00fcbermittelt. Nach Auskunft von \nFacebook wird diese IP-Adresse anonymisiert (bei \u201edeutschen\u201c \nIP-Adressen) und nach 90 Tagen gel\u00f6scht. Facebook speichert dar\u00fcber \nhinaus Informationen \u00fcber die Endger\u00e4te seiner Nutzer (z.B. im Rahmen \nder Funktion \u201cAnmeldebenachrichtigung\u201c); gegebenenfalls ist Facebook \ndamit eine Zuordnung von IP-Adressen zu einzelnen Nutzern m\u00f6glich.<\/p>\n\n\n\n<p>Wenn Sie als Nutzerin oder Nutzer aktuell bei Facebook angemeldet \nsind, befindet sich auf Ihrem Endger\u00e4t ein Cookie mit Ihrer \nFacebook-Kennung. Dadurch ist Facebook in der Lage nachzuvollziehen, \ndass Sie diese Seite aufgesucht und wie Sie sie genutzt haben. Dies gilt\n auch f\u00fcr alle anderen Facebook-Seiten. \u00dcber in Webseiten eingebundene \nFacebook-Buttons ist es Facebook m\u00f6glich, Ihre Besuche auf diesen \nWebseiten zu erfassen und Ihrem Facebook-Profil zuzuordnen. Anhand \ndieser Daten k\u00f6nnen Inhalte oder Werbung auf Sie zugeschnitten angeboten\n werden.<\/p>\n\n\n\n<p>Wenn Sie dies vermeiden m\u00f6chten, sollten Sie sich bei Facebook \nabmelden bzw. die Funktion \u201eangemeldet bleiben\u201c deaktivieren, die auf \nIhrem Ger\u00e4t vorhandenen Cookies l\u00f6schen und Ihren Browser beenden und \nneu starten. Auf diese Weise werden Facebook-Informationen, \u00fcber die Sie\n unmittelbar identifiziert werden k\u00f6nnten, gel\u00f6scht. Damit k\u00f6nnen Sie \nunsere Facebook-Seite nutzen, ohne dass Ihre Facebook-Kennung offenbart \nwird. Wenn Sie auf interaktive Funktionen der Seite zugreifen (Gef\u00e4llt \nmir, Kommentieren, Teilen, Nachrichten etc.), erscheint eine \nFacebook-Anmeldemaske.<\/p>\n\n\n\n<p>Nach einer etwaigen Anmeldung sind Sie f\u00fcr Facebook erneut als \nbestimmte\/r Nutzerin\/Nutzer erkennbar. Informationen dazu, wie Sie \u00fcber \nSie vorhandene Informationen verwalten oder l\u00f6schen k\u00f6nnen, finden Sie \nauf folgenden Facebook-Support-Seiten: <a href=\"https:\/\/de-de.facebook.com\/about\/privacy\" target=\"_blank\" rel=\"noreferrer noopener\">de-de.facebook.com\/about\/privacy<\/a>.<\/p>\n\n\n\n<h3 class=\"wp-block-heading\">Rechte auf Auskunft und L\u00f6schung<\/h3>\n\n\n\n<p>Sie haben das jederzeitige Recht, sich unentgeltlich und unverz\u00fcglich\n \u00fcber die zu Ihrer Person erhobenen Daten zu erkundigen. Sie haben das \njederzeitige Recht, Ihre Zustimmung zur Verwendung Ihrer angegeben \npers\u00f6nlichen Daten mit Wirkung f\u00fcr die Zukunft zu widerrufen oder \nfalsche Daten korrigieren zu lassen. Bitte wenden Sie sich dazu an die \noben genannten Kontaktdaten.<\/p>\n\n\n\n<h3 class=\"wp-block-heading\">Stand<\/h3>\n\n\n\n<p>Letzte Aktualisierung am 25. Mai 2018<\/p>\n<h3>Related Images:<\/h3>","protected":false},"excerpt":{"rendered":"<p>Allgemeines Wir nehmen den Schutz Ihrer personenbezogenen Daten sehr ernst. Wir m\u00f6chten, dass Sie wissen, wann wir welche Daten erheben und wie wir sie verwenden. Wir verarbeiten Ihre Daten daher ausschlie\u00dflich auf Grundlage der gesetzlichen Bestimmungen (EU-Datenschutzgrundverordnung, Telemediengesetz). Sie k\u00f6nnen diese Erkl\u00e4rung jederzeit auf unserer Webseite abrufen. Im Zuge der Weiterentwicklung unserer Internet-Seiten und der&#8230; <\/p>\n<div class=\"read-more navbutton\"><a href=\"https:\/\/tkv-hochfranken.de\/index.php\/datenschutzerklaerung\/\">Read More<i class=\"fa fa-angle-double-right\"><\/i><\/a><\/div>\n","protected":false},"author":1,"featured_media":0,"parent":0,"menu_order":0,"comment_status":"closed","ping_status":"closed","template":"","meta":{"ngg_post_thumbnail":0,"footnotes":""},"class_list":["post-175","page","type-page","status-publish","hentry"],"_links":{"self":[{"href":"https:\/\/tkv-hochfranken.de\/index.php\/wp-json\/wp\/v2\/pages\/175","targetHints":{"allow":["GET"]}}],"collection":[{"href":"https:\/\/tkv-hochfranken.de\/index.php\/wp-json\/wp\/v2\/pages"}],"about":[{"href":"https:\/\/tkv-hochfranken.de\/index.php\/wp-json\/wp\/v2\/types\/page"}],"author":[{"embeddable":true,"href":"https:\/\/tkv-hochfranken.de\/index.php\/wp-json\/wp\/v2\/users\/1"}],"replies":[{"embeddable":true,"href":"https:\/\/tkv-hochfranken.de\/index.php\/wp-json\/wp\/v2\/comments?post=175"}],"version-history":[{"count":3,"href":"https:\/\/tkv-hochfranken.de\/index.php\/wp-json\/wp\/v2\/pages\/175\/revisions"}],"predecessor-version":[{"id":1539,"href":"https:\/\/tkv-hochfranken.de\/index.php\/wp-json\/wp\/v2\/pages\/175\/revisions\/1539"}],"wp:attachment":[{"href":"https:\/\/tkv-hochfranken.de\/index.php\/wp-json\/wp\/v2\/media?parent=175"}],"curies":[{"name":"wp","href":"https:\/\/api.w.org\/{rel}","templated":true}]}}

Datenschutzerklärung

<h3 class="wp-block-heading">Allgemeines</h3>



<p>Wir nehmen den Schutz Ihrer personenbezogenen Daten sehr ernst. Wir 
möchten, dass Sie wissen, wann wir welche Daten erheben und wie wir sie 
verwenden. Wir verarbeiten Ihre Daten daher ausschließlich auf Grundlage
 der gesetzlichen Bestimmungen (EU-Datenschutzgrundverordnung, 
Telemediengesetz).</p>



<p>Sie können diese Erklärung jederzeit auf unserer Webseite abrufen. Im
 Zuge der Weiterentwicklung unserer Internet-Seiten und der 
Implementierung neuer Technologien können auch Änderungen dieser 
Datenschutzerklärung erforderlich werden. Daher empfehlen wir Ihnen, 
sich diese Datenschutzerklärung gelegentlich erneut durchzulesen.</p>



<p>Diese Datenschutzerklärung klärt Sie über die Art, den Umfang und 
Zweck der Verarbeitung von personenbezogenen Daten innerhalb unserer 
Website und der mit ihr verbundenen Webseiten, Funktionen und Inhalte 
auf.</p>



<p>Wir weisen ausdrücklich darauf hin, dass die Datenübertragung im 
Internet (z.B. bei der Kommunikation per E-Mail) Sicherheitslücken 
aufweisen und nicht lückenlos vor dem Zugriff durch Dritte geschützt 
werden kann.</p>



<h3 class="wp-block-heading">Ansprechpartner</h3>



<p>Bei allen Fragen zur Erhebung, Verarbeitung oder Nutzung Ihrer 
personenbezogenen Daten, bei Auskünften, Berichtigung, Sperrung oder 
Löschung von Daten sowie Widerruf erteilter Einwilligungen wenden Sie 
sich bitte an die folgenden Kontaktdaten:</p>



<p><strong>TKV Hochfranken e.V.</strong><br>Klosterstr. 9-11<br>95028 Hof<br> <br><strong>Email:</strong> <a href="mailto:vorstand@tkv-hochfranken.de">vorstand@tkv-hochfranken.de</a> </p>



<h3 class="wp-block-heading">Personenbezogene Daten</h3>



<p>Als personenbezogene Daten gelten sämtliche Informationen, welche 
dazu dienen, Ihre Person zu bestimmen und welche zu Ihnen zurückverfolgt
 werden können – also beispielsweise Ihr Name, Ihre E-Mail-Adresse und 
Telefonnummer, aber auch Ihre IP-Adresse. Hinsichtlich der verwendeten 
Begrifflichkeiten, wie z.B. „personenbezogene Daten“ oder deren 
„Verarbeitung“ verweisen wir zudem auf die Definitionen im Art. 4 der 
Datenschutzgrundverordnung (DSGVO).</p>



<p>Sie können unsere Webseite ohne Angabe personenbezogener Daten 
besuchen. Soweit auf unseren Seiten personenbezogene Daten (wie Name, 
Anschrift oder E-Mail Adresse) erhoben werden, erfolgt dies, soweit 
möglich, auf freiwilliger Basis. Diese Daten werden ohne Ihre 
ausdrückliche Zustimmung nicht an Dritte weitergegeben. Sofern zwischen 
Ihnen und uns ein Vertragsverhältnis begründet, inhaltlich ausgestaltet 
oder geändert werden soll oder Sie an uns eine Anfrage stellen, erheben 
und verwenden wir personenbezogene Daten von Ihnen, soweit dies zu 
diesen Zwecken erforderlich ist (Bestandsdaten). Wir erheben, 
verarbeiten und nutzen personenbezogene Daten soweit dies erforderlich 
ist, um Ihnen die Inanspruchnahme des Webangebots zu ermöglichen 
(Nutzungsdaten). Sämtliche personenbezogenen Daten werden nur solange 
gespeichert wie dies für den genannten Zweck (Bearbeitung Ihrer Anfrage 
oder Abwicklung eines Vertrags) erforderlich ist. Hierbei werden steuer-
 und handelsrechtliche Aufbewahrungsfristen berücksichtigt.</p>



<h3 class="wp-block-heading">Schutz Ihrer Daten</h3>



<p>Wir führen eine Reihe von Maßnahmen durch, um Ihre personenbezogenen 
Daten zu schützen. Dies umfasst technische Maßnahmen wie Verschlüsselung
 und menschliche Faktoren wie die Weiterbildung zur Thematik des 
Datenschutzes. Ein Verzeichnis der Verarbeitungstätigkeiten nach Art. 30
 DSGVO wird im Tonkünstlerverband Hochfranken e.V. geführt.</p>



<h3 class="wp-block-heading">Rechtsgrundlage</h3>



<p>Die Datenverarbeitung erfolgt auf Basis der gesetzlichen Bestimmungen und folgender Rechtsgrundlagen:</p>



<ul class="wp-block-list"><li>Einwilligung</li><li>Vertragserfüllung oder vorvertragliche Maßnahmen</li><li>rechtliche Verpflichtungen</li><li>Zur Wahrung eines berechtigten 
Interesses. Die Interessen, Grundrechte und Grundfreiheiten der Nutzer 
überwiegen das erstgenannte Interesse nicht.</li></ul>



<p>Unser Anliegen im Sinne der DSGVO (berechtigtes Interesse) ist die 
Verbesserung unseres Webauftritts. Ihre IP-Adresse wird bei diesem 
Vorgang umgehend anonymisiert, so dass Sie als Nutzer für uns anonym 
bleiben.</p>



<h3 class="wp-block-heading">Cookies</h3>



<p>Unsere Website verwendet so genannte Cookies. Dabei handelt es sich 
um kleine Textdateien, die mit Hilfe des Browsers auf Ihrem Endgerät 
abgelegt werden. Sie richten keinen Schaden an.</p>



<p>Wir nutzen Cookies dazu, unser Angebot nutzerfreundlich zu gestalten.
 Einige Cookies bleiben auf Ihrem Endgerät gespeichert, bis Sie diese 
löschen. Sie ermöglichen es uns, Ihren Browser beim nächsten Besuch 
wiederzuerkennen.</p>



<p>Wenn Sie dies nicht wünschen, können Sie Ihren Browser so einrichten,
 dass er Sie über das Setzen von Cookies informiert und Sie dies nur im 
Einzelfall erlauben. Bei der Deaktivierung von Cookies kann die 
Funktionalität unserer Website eingeschränkt sein.</p>



<h3 class="wp-block-heading">Facebook-Seite</h3>



<p>Wir betreiben eine sogenannte Facebook-Seite mittels der Dienste der 
Facebook Ireland Ltd., 4 Grand Canal Square Grand Canal Harbour, Dublin 
2, Ireland.</p>



<p>Wir weisen Sie darauf hin, dass Sie unsere Facebook-Seite und ihre 
Funktionen in eigener Verantwortung nutzen. Dies gilt insbesondere für 
die Nutzung der interaktiven Funktionen (z.B. Kommentieren, Teilen, 
Bewerten).</p>



<p>Beim Besuch unserer Facebook-Seite erfasst Facebook u.a. Ihre 
IP-Adresse sowie weitere Informationen, die in Form von Cookies auf 
Ihrem PC vorhanden sind. Diese Informationen werden verwendet, um uns 
als Betreiber der Facebook-Seiten statistische Informationen über die 
Inanspruchnahme der Facebook-Seite zur Verfügung zu stellen. Nähere 
Informationen hierzu stellt Facebook unter folgendem Link zur Verfügung:
 <a href="http://de-de.facebook.com/help/pages/insights" target="_blank" rel="noreferrer noopener">de-de.facebook.com/help/pages/insights</a>.</p>



<p>Die in diesem Zusammenhang über Sie erhobenen Daten werden von der 
Facebook Ltd. verarbeitet und dabei gegebenenfalls in Länder außerhalb 
der Europäischen Union übertragen. Welche Informationen Facebook erhält 
und wie diese verwendet werden, beschreibt Facebook in allgemeiner Form 
in seinen Datenverwendungsrichtlinien. Dort finden Sie auch 
Informationen über Kontaktmöglichkeiten zu Facebook sowie zu den 
Einstellmöglichkeiten für Werbeanzeigen. Die Datenverwendungsrichtlinien
 sind unter folgendem Link verfügbar: <a href="https://de-de.facebook.com/about/privacy" target="_blank" rel="noreferrer noopener">de-de.facebook.com/about/privacy</a>. Die vollständigen Datenrichtlinien von Facebook finden Sie hier: <a href="https://de-de.facebook.com/full_data_use_policy" target="_blank" rel="noreferrer noopener">de-de.facebook.com/full_data_use_policy</a>.</p>



<p>In welcher Weise Facebook die Daten aus dem Besuch von 
Facebook-Seiten für eigene Zwecke verwendet, in welchem Umfang 
Aktivitäten auf der Facebook-Seite einzelnen Nutzern zugeordnet werden, 
wie lange Facebook diese Daten speichert und ob Daten aus einem Besuch 
der Facebook-Seite an Dritte weitergegeben werden, wird von Facebook 
nicht abschließend und klar benannt und ist uns nicht bekannt.</p>



<p>Beim Zugriff auf eine Facebook-Seite wird die Ihrem Endgerät 
zugeteilte IP-Adresse an Facebook übermittelt. Nach Auskunft von 
Facebook wird diese IP-Adresse anonymisiert (bei „deutschen“ 
IP-Adressen) und nach 90 Tagen gelöscht. Facebook speichert darüber 
hinaus Informationen über die Endgeräte seiner Nutzer (z.B. im Rahmen 
der Funktion “Anmeldebenachrichtigung“); gegebenenfalls ist Facebook 
damit eine Zuordnung von IP-Adressen zu einzelnen Nutzern möglich.</p>



<p>Wenn Sie als Nutzerin oder Nutzer aktuell bei Facebook angemeldet 
sind, befindet sich auf Ihrem Endgerät ein Cookie mit Ihrer 
Facebook-Kennung. Dadurch ist Facebook in der Lage nachzuvollziehen, 
dass Sie diese Seite aufgesucht und wie Sie sie genutzt haben. Dies gilt
 auch für alle anderen Facebook-Seiten. Über in Webseiten eingebundene 
Facebook-Buttons ist es Facebook möglich, Ihre Besuche auf diesen 
Webseiten zu erfassen und Ihrem Facebook-Profil zuzuordnen. Anhand 
dieser Daten können Inhalte oder Werbung auf Sie zugeschnitten angeboten
 werden.</p>



<p>Wenn Sie dies vermeiden möchten, sollten Sie sich bei Facebook 
abmelden bzw. die Funktion „angemeldet bleiben“ deaktivieren, die auf 
Ihrem Gerät vorhandenen Cookies löschen und Ihren Browser beenden und 
neu starten. Auf diese Weise werden Facebook-Informationen, über die Sie
 unmittelbar identifiziert werden könnten, gelöscht. Damit können Sie 
unsere Facebook-Seite nutzen, ohne dass Ihre Facebook-Kennung offenbart 
wird. Wenn Sie auf interaktive Funktionen der Seite zugreifen (Gefällt 
mir, Kommentieren, Teilen, Nachrichten etc.), erscheint eine 
Facebook-Anmeldemaske.</p>



<p>Nach einer etwaigen Anmeldung sind Sie für Facebook erneut als 
bestimmte/r Nutzerin/Nutzer erkennbar. Informationen dazu, wie Sie über 
Sie vorhandene Informationen verwalten oder löschen können, finden Sie 
auf folgenden Facebook-Support-Seiten: <a href="https://de-de.facebook.com/about/privacy" target="_blank" rel="noreferrer noopener">de-de.facebook.com/about/privacy</a>.</p>



<h3 class="wp-block-heading">Rechte auf Auskunft und Löschung</h3>



<p>Sie haben das jederzeitige Recht, sich unentgeltlich und unverzüglich
 über die zu Ihrer Person erhobenen Daten zu erkundigen. Sie haben das 
jederzeitige Recht, Ihre Zustimmung zur Verwendung Ihrer angegeben 
persönlichen Daten mit Wirkung für die Zukunft zu widerrufen oder 
falsche Daten korrigieren zu lassen. Bitte wenden Sie sich dazu an die 
oben genannten Kontaktdaten.</p>



<h3 class="wp-block-heading">Stand</h3>



<p>Letzte Aktualisierung am 25. Mai 2018</p>
<h3>Related Images:</h3>

<p>Allgemeines Wir nehmen den Schutz Ihrer personenbezogenen Daten sehr ernst. Wir möchten, dass Sie wissen, wann wir welche Daten erheben und wie wir sie verwenden. Wir verarbeiten Ihre Daten daher ausschließlich auf Grundlage der gesetzlichen Bestimmungen (EU-Datenschutzgrundverordnung, Telemediengesetz). Sie können diese Erklärung jederzeit auf unserer Webseite abrufen. Im Zuge der Weiterentwicklung unserer Internet-Seiten und der&#8230; </p>
<div class="read-more navbutton"><a href="https://tkv-hochfranken.de/index.php/datenschutzerklaerung/">Read More<i class="fa fa-angle-double-right"></i></a></div>
